 11
What are the prime factors of 34460?
2, 5, 1723
What are the prime factors of 1420?
2, 5, 71
What are the prime factors of 1072?
2, 67
List the prime factors of 33.
3, 11
List the prime factors of 2510.
2, 5, 251
What are the prime factors of 87303?
3, 29101
What are the prime factors of 19429?
19429
What are the prime factors of 2254?
2, 7, 23
List the prime factors of 18544.
2, 19, 61
List the prime factors of 777.
3, 7, 37
List the prime factors of 24522.
2, 3, 61, 67
What are the prime factors of 161?
7, 23
What are the prime factors of 39214?
2, 7, 2801
What are the prime factors of 119?
7, 17
What are the prime factors of 21465?
3, 5, 53
List the prime factors of 2071.
19, 109
What are the prime factors of 3628?
2, 907
What are the prime factors of 2992?
2, 11, 17
What are the prime factors of 24897?
3, 43, 193
List the prime factors of 5462.
2, 2731
List the prime factors of 10883.
10883
List the prime factors of 1016.
2, 127
List the prime factors of 88519.
17, 41, 127
What are the prime factors of 83389?
83389
What are the prime factors of 69771?
3, 13, 1789
List the prime factors of 7101.
3, 263
List the prime factors of 853.
853
List the prime factors of 839.
839
What are the prime factors of 7720?
2, 5, 193
List the prime factors of 1659.
3, 7, 79
List the prime factors of 4856.
2, 607
What are the prime factors of 4958?
2, 37, 67
List the prime factors of 707.
7, 101
What are the prime factors of 19848?
2, 3, 827
List the prime factors of 80454.
2, 3, 11, 23, 53
What are the prime factors of 526?
2, 263
List the prime factors of 1648.
2, 103
What are the prime factors of 2958?
2, 3, 17, 29
List the prime factors of 32653.
32653
List the prime factors of 915.
3, 5, 61
What are the prime factors of 4001?
4001
What are the prime factors of 23490?
2, 3, 5, 29
List the prime factors of 90514.
2, 167, 271
What are the prime factors of 5806?
2, 2903
What are the prime factors of 4405?
5, 881
List the prime factors of 3523.
13, 271
List the prime factors of 25461.
3, 23, 41
List the prime factors of 403.
13, 31
List the prime factors of 53958.
2, 3, 17, 23
What are the prime factors of 9914?
2, 4957
What are the prime factors of 728?
2, 7, 13
What are the prime factors of 4364?
2, 1091
What are the prime factors of 112686?
2, 3, 7, 2683
What are the prime factors of 5447?
13, 419
What are the prime factors of 781?
11, 71
What are the prime factors of 3601?
13, 277
What are the prime factors of 50019?
3, 16673
What are the prime factors of 4087?
61, 67
List the prime factors of 1737.
3, 193
List the prime factors of 12973.
12973
What are the prime factors of 239?
239
List the prime factors of 121837.
73, 1669
What are the prime factors of 1401?
3, 467
List the prime factors of 172072.
2, 137, 157
List the prime factors of 14604.
2, 3, 1217
What are the prime factors of 11280?
2, 3, 5, 47
What are the prime factors of 106443?
3, 11827
List the prime factors of 20523.
3, 6841
List the prime factors of 1535.
5, 307
What are the prime factors of 29712?
2, 3, 619
List the prime factors of 1397.
11, 127
List the prime factors of 4036.
2, 1009
What are the prime factors of 10268?
2, 17, 151
What are the prime factors of 4297?
4297
List the prime factors of 328.
2, 41
List the prime factors of 49667.
49667
What are the prime factors of 6919?
11, 17, 37
List the prime factors of 117447.
3, 11, 3559
List the prime factors of 1882.
2, 941
What are the prime factors of 45458?
2, 7, 17, 191
List the prime factors of 40340.
2, 5, 2017
List the prime factors of 826.
2, 7, 59
List the prime factors of 2003.
2003
What are the prime factors of 119?
7, 17
What are the prime factors of 9054?
2, 3, 503
List the prime factors of 122853.
3, 31, 1321
What are the prime factors of 151082?
2, 75541
List the prime factors of 793.
13, 61
What are the prime factors of 1536?
2, 3
List the prime factors of 11030.
2, 5, 1103
What are the prime factors of 16793?
7, 2399
What are the prime factors of 295?
5, 59
What are the prime factors of 519?
3, 173
What are the prime factors of 1351?
7, 193
List the prime factors of 38343.
3, 12781
What are the prime factors of 11408?
2, 23, 31
What are the prime factors of 45589?
45589
What are the prime factors of 10057?
89, 113
What are the prime factors of 15009?
3, 5003
What are the prime factors of 358?
2, 179
List the prime factors of 11034.
2, 3, 613
List the prime factors of 7012.
2, 1753
List the prime factors of 14182.
2, 7, 1013
List the prime factors of 53546.
2, 41, 653
What are the prime factors of 84835?
5, 19, 47
What are the prime factors of 3680?
2, 5, 23
What are the prime factors of 1620?
2, 3, 5
What are the prime factors of 4570?
2, 5, 457
List the prime factors of 19525.
5, 11, 71
List the prime factors of 73.
73
List the prime factors of 1141.
7, 163
What are the prime factors of 23312?
2, 31, 47
What are the prime factors of 52007?
131, 397
List the prime factors of 54987.
3, 18329
List the prime factors of 5954.
2, 13, 229
What are the prime factors of 7809?
3, 19, 137
What are the prime factors of 854?
2, 7, 61
What are the prime factors of 2711?
2711
What are the prime factors of 11377?
31, 367
List the prime factors of 4653.
3, 11, 47
List the prime factors of 7098.
2, 3, 7, 13
List the prime factors of 1499.
1499
List the prime factors of 55352.
2, 11, 17, 37
What are the prime factors of 15219?
3, 19, 89
List the prime factors of 3387.
3, 1129
List the prime factors of 12391.
12391
List the prime factors of 42195.
3, 5, 29, 97
What are the prime factors of 3746?
2, 1873
What are the prime factors of 4434?
2, 3, 739
List the prime factors of 101358.
2, 3, 1877
What are the prime factors of 197?
197
List the prime factors of 13141.
17, 773
List the prime factors of 106276.
2, 163
What are the prime factors of 7001?
7001
What are the prime factors of 5871?
3, 19, 103
What are the prime factors of 6622?
2, 7, 11, 43
List the prime factors of 7598.
2, 29, 131
What are the prime factors of 375?
3, 5
List the prime factors of 22499.
149, 151
What are the prime factors of 6548?
2, 1637
What are the prime factors of 618?
2, 3, 103
What are the prime factors of 3463?
3463
List the prime factors of 61623.
3, 41, 167
List the prime factors of 10328.
2, 1291
List the prime factors of 23426.
2, 13, 17, 53
List the prime factors of 1329.
3, 443
List the prime factors of 36076.
2, 29, 311
List the prime factors of 11454.
2, 3, 23, 83
What are the prime factors of 53707?
43, 1249
What are the prime factors of 945?
3, 5, 7
What are the prime factors of 3589?
37, 97
List the prime factors of 2562.
2, 3, 7, 61
List the prime factors of 1216.
2, 19
List the prime factors of 1997.
1997
List the prime factors of 5338.
2, 17, 157
What are the prime factors of 148749?
3, 179, 277
What are the prime factors of 16892?
2, 41, 103
List the prime factors of 1604.
2, 401
List the prime factors of 213.
3, 71
List the prime factors of 5518.
2, 31, 89
What are the prime factors of 143260?
2, 5, 13, 19, 29
List the prime factors of 7659.
3, 23, 37
What are the prime factors of 1799?
7, 257
What are the prime factors of 903?
3, 7, 43
What are the prime factors of 31623?
3, 83, 127
What are the prime factors of 45369?
3, 71
List the prime factors of 233.
233
What are the prime factors of 21787?
21787
List the prime factors of 76244.
2, 7, 389
What are the prime factors of 1263?
3, 421
What are the prime factors of 708?
2, 3, 59
List the prime factors of 28098.
2, 3, 7, 223
What are the prime factors of 23604?
2, 3, 7, 281
What are the prime factors of 1081?
23, 47
What are the prime factors of 4345?
5, 11, 79
What are the prime factors of 25453?
25453
List the prime factors of 2468.
2, 617
What are the prime factors of 1823?
1823
What are the prime factors of 454?
2, 227
What are the prime factors of 4307?
59, 73
List the prime factors of 7973.
7, 17, 67
List the prime factors of 1464.
2, 3, 61
List the prime factors of 18721.
97, 193
What are the prime factors of 1856?
2, 29
List the prime factors of 164764.
2, 17, 2423
What are the prime factors of 4634?
2, 7, 331
List the prime factors of 19948.
2, 4987
List the prime factors of 14095.
5, 2819
List the prime factors of 2463.
3, 821
List the prime factors of 2285.
5, 457
List the